of 4415?
False
Does 14 divide 1722?
True
Is 1620 a multiple of 20?
True
Is 61242 a multiple of 53?
False
Does 6 divide 14658?
True
Does 26 divide 2580?
False
Is 76 a factor of 2280?
True
Is 41 a factor of 1886?
True
Is 3 a factor of 288?
True
Does 47 divide 18018?
False
Does 64 divide 9412?
False
Is 18 a factor of 89890?
False
Does 6 divide 5677?
False
Is 1290 a multiple of 18?
False
Does 7 divide 62?
False
Does 17 divide 2499?
True
Does 27 divide 14391?
True
Does 4 divide 1608?
True
Is 1440 a multiple of 80?
True
Is 10472 a multiple of 11?
True
Is 10104 a multiple of 32?
False
Does 17 divide 21029?
True
Is 612 a multiple of 36?
True
Is 20995 a multiple of 95?
True
Is 8 a factor of 53456?
True
Is 4794 a multiple of 17?
True
Is 117229 a multiple of 70?
False
Does 40 divide 4360?
True
Is 2082 a multiple of 32?
False
Is 81 a factor of 8757?
False
Is 5225 a multiple of 25?
True
Is 4471 a multiple of 17?
True
Is 60 a factor of 4200?
True
Is 16641 a multiple of 4?
False
Is 57751 a multiple of 230?
False
Is 14106 a multiple of 19?
False
Is 18361 a multiple of 61?
True
Does 109 divide 33959?
False
Is 18304 a multiple of 32?
True
Does 11 divide 46728?
True
Does 6 divide 210?
True
Does 55 divide 1650?
True
Is 11966 a multiple of 15?
False
Does 23 divide 3335?
True
Is 17 a factor of 1903?
False
Is 26 a factor of 144?
False
Does 22 divide 650?
False
Does 5 divide 4982?
False
Does 11 divide 1459?
False
Does 7 divide 394?
False
Does 107 divide 428?
True
Does 26 divide 33982?
True
Is 338 a multiple of 13?
True
Does 20 divide 45553?
False
Is 9 a factor of 254?
False
Is 8 a factor of 1662?
False
Is 31522 a multiple of 185?
False
Is 33 a factor of 363?
True
Is 6 a factor of 822?
True
Is 12460 a multiple of 35?
True
Does 98 divide 980?
True
Is 18 a factor of 9242?
False
Is 726 a multiple of 25?
False
Is 43225 a multiple of 91?
True
Is 96 a factor of 143808?
True
Does 66 divide 660?
True
Is 16 a factor of 28564?
False
Does 21 divide 4553?
False
Is 23 a factor of 2604?
False
Is 93 a factor of 14515?
False
Is 6406 a multiple of 13?
False
Is 750 a multiple of 15?
True
Is 12068 a multiple of 7?
True
Is 16 a factor of 1150?
False
Does 34 divide 33405?
False
Does 9 divide 457?
False
Does 12 divide 2568?
True
Is 18 a factor of 288?
True
Is 1558 a multiple of 14?
False
Is 13671 a multiple of 144?
False
Does 12 divide 2066?
False
Is 26 a factor of 1304?
False
Does 4 divide 3316?
True
Does 13 divide 2129?
False
Is 161 a factor of 1610?
True
Is 58 a multiple of 6?
False
Is 482 a multiple of 3?
False
Is 702 a multiple of 27?
True
Does 31 divide 2356?
True
Does 7 divide 56315?
True
Is 100 a factor of 4971?
False
Does 19 divide 5623?
False
Is 134 a factor of 1244?
False
Does 81 divide 3159?
True
Is 171 a factor of 120933?
False
Does 34 divide 2788?
True
Is 306 a factor of 74230?
False
Does 21 divide 8127?
True
Does 5 divide 675?
True
Is 51486 a multiple of 21?
False
Does 91 divide 819?
True
Is 96 even?
True
Is 32718 a multiple of 19?
True
Is 660 a multiple of 20?
True
Is 22432 a multiple of 9?
False
Does 103 divide 15088?
False
Does 16 divide 817?
False
Is 31 a factor of 1302?
True
Is 1918 a multiple of 14?
True
Is 72 a factor of 6192?
True
Is 28 a factor of 2072?
True
Is 6360 a multiple of 5?
True
Does 55 divide 1045?
True
Is 3875 a multiple of 31?
True
Does 15 divide 1026?
False
Is 91 a factor of 7494?
False
Is 1960 a multiple of 40?
True
Does 225 divide 23850?
True
Does 12 divide 134?
False
Does 151 divide 8909?
True
Is 3 a factor of 582?
True
Is 2 a factor of 721?
False
Is 3608 a multiple of 44?
True
Is 417 a factor of 54627?
True
Is 45444 a multiple of 21?
True
Is 10 a factor of 9763?
False
Is 3754 a multiple of 24?
False
Does 112 divide 41141?
False
Does 2 divide 394?
True
Is 30 a factor of 240?
True
Is 31 a factor of 2882?
False
Does 48 divide 27925?
False
Does 17 divide 612?
True
Is 3 a factor of 5151?
True
Is 652 a multiple of 4?
True
Does 11 divide 187?
True
Does 32 divide 18701?
False
Is 10 a factor of 31876?
False
Does 8 divide 360?
True
Does 111 divide 3269?
False
Is 2844 a multiple of 12?
True
Does 15 divide 259?
False
Is 24786 a multiple of 153?
True
Does 26 divide 884?
True
Is 75504 a multiple of 264?
True
Does 71 divide 1986?
False
Is 2967 a multiple of 23?
True
Is 6 a factor of 6140?
False
Is 12 a factor of 29124?
True
Is 50 a factor of 350?
True
Is 7 a factor of 588?
True
Does 11 divide 50684?
False
Is 44 a factor of 20572?
False
Does 67 divide 2077?
True
Does 69 divide 28766?
False
Does 63 divide 1701?
True
Does 33 divide 98858?
False
Is 4965 a multiple of 15?
True
Does 28 divide 1092?
True
Is 1935 a multiple of 36?
False
Is 4893 a multiple of 71?
False
Does 12 divide 111?
False
Is 2 a factor of 5500?
True
Does 41 divide 328?
True
Is 11 a factor of 10462?
False
Does 20 divide 14425?
False
Is 38 a factor of 12046?
True
Is 58 a factor of 9493?
False
Does 144 divide 5040?
True
Is 79 a factor of 649?
False
Is 14 a factor of 34999?
False
Is 88 a factor of 19008?
True
Is 4 a factor of 372?
True
Is 11 a factor of 1892?
True
Is 2940 a multiple of 60?
True
Is 1344 a multiple of 48?
True
Is 170 a multiple of 10?
True
Is 39 a factor of 941?
False
Is 13 a factor of 1248?
True
Does 30 divide 48565?
False
Is 49608 a multiple of 234?
True
Does 13 divide 1345?
False
Is 4 a factor of 10216?
True
Is 18887 a multiple of 7?
False
Does 11 divide 53855?
False
Does 16 divide 128?
True
Does 36 divide 4140?
True
Does 9 divide 3330?
True
Is 6342 a multiple of 42?
True
Is 25 a factor of 7775?
True
Is 1551 a multiple of 3?
True
Does 22 divide 15576?
True
Is 17 a factor of 931?
False
Is 21 a factor of 527?
False
Is 443 a multiple of 6?
False
Is 3 a factor of 219?
True
Is 333 a multiple of 9?
True
Is 4 a factor of 136?
True
Does 19 divide 3363?
True
Does 13 divide 143620?
False
Is 39580 a multiple of 214?
False
Is 50 a factor of 691?
False
Is 53704 a multiple of 28?
True
Is 24 a factor of 7016?
False
Is 11 a factor of 12320?
True
Is 864 a multiple of 8?
True
Is 62 a factor of 3286?
True
Does 13 divide 4848?
False
Does 78 divide 31906?
False
Is 18203 a multiple of 219?
False
Does 11 divide 71672?
False
Is 6 a factor of 2471?
False
Is 7785 a multiple of 18?
False
Does 21 divide 1039?
False
Is 608 a multiple of 7?
False
Is 5 a factor of 1018?
False
Does 25 divide 1775?
True
Is 566 a multiple of 45?
False
Is 43451 a multiple of 76?
False
Is 8 a factor of 812?
False
Is 1618 a multiple of 43?
False
Is 29135 a multiple of 50?
False
Is 243 even?
False
Is 45 a factor of 18945?
True
Does 52 divide 2340?
True
Is 1768 a multiple of 14?
False
Is 19 a factor of 1665?
False
Is 9780 a multiple of 12?
True
Does 38 divide 304?
True
Is 34 a factor of 9146?
True
Is 56 a factor of 24374?
False
Does 15 divide 609?
False
Is 25 a factor of 1381?
False
Is 8515 a multiple of 65?
True
Is 628 a multiple of 5?
False
Is 4284 a multiple of 9?
True
Is 27 a factor of 216?
True
Is 3 a factor of 161?
False
Is 8 a factor of 224?
True
Is 11 a factor of 429?
True
Is 2189 a multiple of 199?
True
Is 14 a factor of 2276?
False
Is 81 a factor of 1296?
True
Does 17 divide 4879?
True
Does 4 divide 41294?
False
Is 9639 a multiple of 81?
True
Is 113 a factor of 23956?
True
Does 32 divide 42424?
False
Does 8 divide 1896?
True
Is 2862 a multiple of 27?
True
Does 81 divide 4920?
False
Does 3 divide 867?
True
Is 2 a factor of 609?
False
Does 53 divide 2067?
True
Does 43 divide 46225?
True
Is 7 a factor of 18902?
False
Is 85 a factor of 11824?
False
Does 3 divide 2619?
True
Is 419 a multiple of 2?
False
Does 12 divide 86867?
False
Does 32 divide 1760?
True
Is 10088 a multiple of 26?
True
Is 12 a factor of 2708?
False
Is 3 a factor of 4678?
False
Does 39 divide 1707?
False
Does 5 divide 470?
True
Is 1820 a multiple of 26?
True
Is 44 a factor of 3576?
False
Does 152 divide 68179?
False
Is 281 a factor of 11037?
False
Is 22 a factor of 5852?
True
Is 29058 a multiple of 29?
True
Is 35 a factor of 7665?
True
Is 804 a multiple of 3?
True
Is 60 a multiple of 3?
True
Does 178 divide 36846?
True
Is 29 a factor of 3572?
False
Does 76 divide 15927?
False
Is 12 a factor of 643?
False
Is 16135 a multiple of 35?
True
Is 5568 a multiple of 8?
True
Is 20 a factor of 2920?
True
Is 80 a multiple of 3?
False
Is 36 a factor of 5148?
True
Is 30 a facto